{"id":238,"date":"2017-12-31T15:57:05","date_gmt":"2017-12-31T14:57:05","guid":{"rendered":"https:\/\/cebe.be\/htm\/?page_id=238"},"modified":"2024-10-28T11:53:56","modified_gmt":"2024-10-28T10:53:56","slug":"traite-de-boulangerie","status":"publish","type":"page","link":"https:\/\/www.fournilhtm.be\/htm\/traite-de-boulangerie\/","title":{"rendered":"Trait\u00e9 de boulangerie"},"content":{"rendered":"<h1>Petit trait\u00e9 de boulangerie traditionnelle<\/h1>\n<p><img loading=\"lazy\" decoding=\"async\" class=\"alignright wp-image-1837 size-medium\" src=\"https:\/\/www.fournilhtm.be\/htm\/wp-content\/uploads\/2024\/10\/2024_petit_traite_boulangerie_traditionnelle-212x300.png\" alt=\"\" width=\"212\" height=\"300\" srcset=\"https:\/\/www.fournilhtm.be\/htm\/wp-content\/uploads\/2024\/10\/2024_petit_traite_boulangerie_traditionnelle-212x300.png 212w, https:\/\/www.fournilhtm.be\/htm\/wp-content\/uploads\/2024\/10\/2024_petit_traite_boulangerie_traditionnelle.png 342w\" sizes=\"auto, (max-width: 212px) 100vw, 212px\" \/><\/p>\n<p><span style=\"color: #ff0000;\">Nouvelle \u00e9dition 2024 &#8211; 6 pages suppl\u00e9mentaires.<\/span><\/p>\n<p>Cet ouvrage compile 17 ans de passion et d&rsquo;exp\u00e9rience au fournil de l&rsquo;Hof ter Musschen.<\/p>\n<p>Il est \u00e9crit par <strong>David Waiengnier, <\/strong>en collaboration avec <strong>Alain Doornaert<\/strong>, (tous deux animateurs au fournil de Hof ter Musschen) et <strong>Axel Colin<\/strong>, boulanger au moulin d&rsquo;Odeigne. Le livre est pr\u00e9fac\u00e9 par <strong>Marc Dewalque.<\/strong><\/p>\n<p>L&rsquo;ouvrage commence par \u00e9tudier les ingr\u00e9dients du pain et croque sans complaisance un \u00e9tat des lieux\u00a0 de la boulangerie moderne.<\/p>\n<p>Il donne\u00a0 ensuite des cl\u00e9s concr\u00e8tes et pratiques pour revenir \u00e0 une boulangerie saine, traditionnelle et toute en saveur chez vous \u00e0 la maison.<\/p>\n<p>L&rsquo;ouvrage donne \u00e9galement des conseils sur les fours traditionnels, leur utilisation et leur restauration.\u00a0 D&rsquo;autres pages sont \u00e9galement consacr\u00e9es \u00e0 l&rsquo;histoire du fournil et \u00e0 diff\u00e9rents sujets li\u00e9s \u00e0 la boulangerie.<\/p>\n<p><a href=\"https:\/\/www.fournilhtm.be\/htm\/wp-content\/uploads\/2024\/10\/petit_traite_presentation.pdf\" target=\"_blank\" rel=\"noopener noreferrer\">D\u00e9couvrir les table des mati\u00e8res, pr\u00e9face et 4\u00e8me de couverture&#8230;<\/a><\/p>\n<h2 class=\"txtTitle3\">Le livre<\/h2>\n<p class=\"txtNormal\"><strong>Petit trait\u00e9 de boulangerie traditionnelle<\/strong><br \/>\n<em>17 ans au Fournil de l&rsquo;Hof ter Musschen<br \/>\n<\/em>David Waiengnier<br \/>\nFormat A4 couleur &#8211; 116 pages &#8211; 164 illustrations<br \/>\n16 EUR<\/p>\n<p><strong>Le livre peut \u00e9galement \u00eatre achet\u00e9 au fournil, lors des formations de boulangerie.<\/strong><\/p>\n<h3>Bon de commande<\/h3>\n\n<div class=\"wpcf7 no-js\" id=\"wpcf7-f470-o1\" lang=\"fr-BE\" dir=\"ltr\" data-wpcf7-id=\"470\">\n<div class=\"screen-reader-response\"><p role=\"status\" aria-live=\"polite\" aria-atomic=\"true\"><\/p> <ul><\/ul><\/div>\n<form action=\"\/htm\/wp-json\/wp\/v2\/pages\/238#wpcf7-f470-o1\" method=\"post\" class=\"wpcf7-form init\" aria-label=\"Contact form\" enctype=\"multipart\/form-data\" novalidate=\"novalidate\" data-status=\"init\">\n<fieldset class=\"hidden-fields-container\"><input type=\"hidden\" name=\"_wpcf7\" value=\"470\" \/><input type=\"hidden\" name=\"_wpcf7_version\" value=\"6.1.5\" \/><input type=\"hidden\" name=\"_wpcf7_locale\" value=\"fr_BE\" \/><input type=\"hidden\" name=\"_wpcf7_unit_tag\" value=\"wpcf7-f470-o1\" \/><input type=\"hidden\" name=\"_wpcf7_container_post\" value=\"0\" \/><input type=\"hidden\" name=\"_wpcf7_posted_data_hash\" value=\"\" \/>\n<\/fieldset>\n<p><label> Pr\u00e9nom *<br \/>\n<span class=\"wpcf7-form-control-wrap\" data-name=\"prenom\"><input size=\"40\" maxlength=\"400\" class=\"wpcf7-form-control wpcf7-text wpcf7-validates-as-required\" aria-required=\"true\" aria-invalid=\"false\" value=\"\" type=\"text\" name=\"prenom\" \/><\/span> <\/label>\n<\/p>\n<p><label> Nom *<br \/>\n<span class=\"wpcf7-form-control-wrap\" data-name=\"nom\"><input size=\"40\" maxlength=\"400\" class=\"wpcf7-form-control wpcf7-text wpcf7-validates-as-required\" aria-required=\"true\" aria-invalid=\"false\" value=\"\" type=\"text\" name=\"nom\" \/><\/span> <\/label>\n<\/p>\n<p><label> Adresse *<br \/>\n<span class=\"wpcf7-form-control-wrap\" data-name=\"adresse\"><input size=\"40\" maxlength=\"400\" class=\"wpcf7-form-control wpcf7-text wpcf7-validates-as-required\" aria-required=\"true\" aria-invalid=\"false\" value=\"\" type=\"text\" name=\"adresse\" \/><\/span> <\/label>\n<\/p>\n<p><label> Code postal et localit\u00e9 *<br \/>\n<span class=\"wpcf7-form-control-wrap\" data-name=\"code-postal\"><input size=\"40\" maxlength=\"400\" class=\"wpcf7-form-control wpcf7-text wpcf7-validates-as-required\" aria-required=\"true\" aria-invalid=\"false\" value=\"\" type=\"text\" name=\"code-postal\" \/><\/span> <\/label>\n<\/p>\n<p><label> Pays * <\/label><span class=\"wpcf7-form-control-wrap\" data-name=\"menu-313\"><select class=\"wpcf7-form-control wpcf7-select\" aria-invalid=\"false\" name=\"menu-313\"><option value=\"Belgique\">Belgique<\/option><option value=\"France\">France<\/option><option value=\"Luxembourg\">Luxembourg<\/option><option value=\"Suisse\">Suisse<\/option><option value=\"Autre (\u00e0 sp\u00e9cifier ci-apr\u00e8s)\">Autre (\u00e0 sp\u00e9cifier ci-apr\u00e8s)<\/option><\/select><\/span>\n<\/p>\n<p><label> Autre pays (si d'application)<br \/>\n<span class=\"wpcf7-form-control-wrap\" data-name=\"autre_pays\"><input size=\"40\" maxlength=\"400\" class=\"wpcf7-form-control wpcf7-text\" aria-invalid=\"false\" value=\"\" type=\"text\" name=\"autre_pays\" \/><\/span><\/label>\n<\/p>\n<p><label> Nombre de livres* <span class=\"wpcf7-form-control-wrap\" data-name=\"number-194\"><input class=\"wpcf7-form-control wpcf7-number wpcf7-validates-as-number\" min=\"1\" aria-invalid=\"false\" value=\"1\" type=\"number\" name=\"number-194\" \/><\/span><\/label>\n<\/p>\n<p><b>Calcul du prix<\/b><br \/>\nPrix par livre : 16 EUR\n<\/p>\n<p>Frais de port :<br \/>\n- 1 livre : 5,00 EUR (Belgique)<br \/>\n- de 2 \u00e0 3 livres : 8,00 EUR (Belgique)<br \/>\n- de 4 \u00e0 6 livres : 11,00 EUR (Belgique)<br \/>\n- de 1 \u00e0 10 livres : 12,00 EUR (France)\n<\/p>\n<p><label> Verse d\u00e8s ce jour la somme de * <span class=\"wpcf7-form-control-wrap\" data-name=\"montant\"><input size=\"40\" maxlength=\"400\" class=\"wpcf7-form-control wpcf7-text wpcf7-validates-as-required\" aria-required=\"true\" aria-invalid=\"false\" value=\"\" type=\"text\" name=\"montant\" \/><\/span> EUR<\/label>\n<\/p>\n<p>\u00e0 Pragma-Soft asbl, rue Frans van Cutsem 16, B-1140 Bruxelles, Belgique<br \/>\nCompte Triodos n\u00b0IBAN : BE32 5230 8040 5702, code BIC : TRIOBEBB<br \/>\navec comme communication : \"Petit trait\u00e9 de boulangerie\"\n<\/p>\n<p>Veuillez annexer une\n\t<font color=\"red\"><u>copie de la preuve de paiement*<\/u>\n\t<\/font> via le bouton ci-dessous.<br \/>\n<span class=\"wpcf7-form-control-wrap\" data-name=\"preuve_paiement\"><input size=\"40\" class=\"wpcf7-form-control wpcf7-file wpcf7-validates-as-required\" accept=\"audio\/*,video\/*,image\/*\" aria-required=\"true\" aria-invalid=\"false\" type=\"file\" name=\"preuve_paiement\" \/><\/span>\n<\/p>\n<p><label> Adresse Email *<br \/>\n<span class=\"wpcf7-form-control-wrap\" data-name=\"your-email\"><input size=\"40\" maxlength=\"400\" class=\"wpcf7-form-control wpcf7-email wpcf7-validates-as-required wpcf7-text wpcf7-validates-as-email\" aria-required=\"true\" aria-invalid=\"false\" value=\"\" type=\"email\" name=\"your-email\" \/><\/span> <\/label>\n<\/p>\n<p><label> Commentaire \u00e9ventuel<br \/>\n<span class=\"wpcf7-form-control-wrap\" data-name=\"comment\"><textarea cols=\"40\" rows=\"10\" maxlength=\"2000\" class=\"wpcf7-form-control wpcf7-textarea\" aria-invalid=\"false\" name=\"comment\"><\/textarea><\/span> <\/label>\n<\/p>\n<p><input type=\"hidden\" name=\"_wpcf7_captcha_challenge_captcha-1\" value=\"466520935\" \/><img loading=\"lazy\" decoding=\"async\" class=\"wpcf7-form-control wpcf7-captchac wpcf7-captcha-captcha-1\" width=\"72\" height=\"24\" alt=\"captcha\" src=\"https:\/\/www.fournilhtm.be\/htm\/wp-content\/uploads\/wpcf7_captcha\/466520935.png\" \/><span class=\"wpcf7-form-control-wrap\" data-name=\"captcha-1\"><input size=\"40\" class=\"wpcf7-form-control wpcf7-captchar\" autocomplete=\"off\" aria-invalid=\"false\" value=\"\" type=\"text\" name=\"captcha-1\" \/><\/span><br \/>\n<span class=\"wpcf7-form-control-wrap kc_captcha\" data-name=\"kc_captcha\"><span class=\"wpcf7-form-control wpcf7-radio\"><span class=\"captcha-image\" ><span class=\"cf7ic_instructions\">Please prove you are human by selecting the<span> key<\/span>.<\/span><label><input aria-label=\"1\" type=\"radio\" name=\"kc_captcha\" value=\"bot\" \/><svg aria-hidden=\"true\" role=\"img\" xmlns=\"http:\/\/www.w3.org\/2000\/svg\" viewBox=\"0 0 512 512\"><path fill=\"currentColor\" d=\"M350 99c-54 0-98-35-166-35-25 0-47 4-68 12a56 56 0 004-24C118 24 95 1 66 0a56 56 0 00-34 102v386c0 13 11 24 24 24h16c13 0 24-11 24-24v-94c28-12 64-23 114-23 54 0 98 35 166 35 48 0 86-16 122-41 9-6 14-15 14-26V96c0-23-24-39-45-29-35 16-77 32-117 32z\"\/><\/svg><\/label><label><input aria-label=\"2\" type=\"radio\" name=\"kc_captcha\" value=\"kc_human\" \/><svg aria-hidden=\"true\" role=\"img\" xmlns=\"http:\/\/www.w3.org\/2000\/svg\" viewBox=\"0 0 512 512\"><path fill=\"currentColor\" d=\"M512 176a176 176 0 01-209 173l-24 27a24 24 0 01-18 8h-37v40c0 13-11 24-24 24h-40v40c0 13-11 24-24 24H24c-13 0-24-11-24-24v-78c0-6 3-13 7-17l162-162a176 176 0 11343-55zm-176-48a48 48 0 1096 0 48 48 0 00-96 0z\"\/><\/svg><\/label><label><input aria-label=\"3\" type=\"radio\" name=\"kc_captcha\" value=\"bot\" \/><svg aria-hidden=\"true\" role=\"img\" xmlns=\"http:\/\/www.w3.org\/2000\/svg\" viewBox=\"0 0 384 512\"><path fill=\"currentColor\" d=\"M377 375l-83-87h34c21 0 32-25 17-40l-82-88h33c21 0 32-25 18-40L210 8c-10-11-26-11-36 0L70 120c-14 15-3 40 18 40h33l-82 88c-15 15-4 40 17 40h34L7 375c-15 16-4 41 17 41h120c0 33-11 49-34 68-12 9-5 28 10 28h144c15 0 22-19 10-28-20-16-34-32-34-68h120c21 0 32-25 17-41z\"\/><\/svg><\/label>\r\n    <\/span>\r\n    <span style=\"display:none\">\r\n        <input type=\"text\" name=\"kc_honeypot\">\r\n    <\/span><\/span><\/span><br \/>\n<input class=\"wpcf7-form-control wpcf7-submit has-spinner\" type=\"submit\" value=\"Envoyer\" \/>\n<\/p><p style=\"display: none !important;\" class=\"akismet-fields-container\" data-prefix=\"_wpcf7_ak_\"><label>&#916;<textarea name=\"_wpcf7_ak_hp_textarea\" cols=\"45\" rows=\"8\" maxlength=\"100\"><\/textarea><\/label><input type=\"hidden\" id=\"ak_js_1\" name=\"_wpcf7_ak_js\" value=\"223\"\/><script type=\"text\/javascript\">\n\/* <![CDATA[ *\/\ndocument.getElementById( \"ak_js_1\" ).setAttribute( \"value\", ( new Date() ).getTime() );\n\/* ]]> *\/\n<\/script>\n<\/p><div class=\"wpcf7-response-output\" aria-hidden=\"true\"><\/div>\n<\/form>\n<\/div>\n\n","protected":false},"excerpt":{"rendered":"<p>Petit trait\u00e9 de boulangerie traditionnelle Nouvelle \u00e9dition 2024 &#8211; 6 pages suppl\u00e9mentaires. Cet ouvrage compile 17 ans de passion et d&rsquo;exp\u00e9rience au fournil de l&rsquo;Hof ter Musschen. Il est \u00e9crit par David Waiengnier, en collaboration avec Alain Doornaert, (tous deux animateurs au fournil de Hof ter Musschen) et Axel Colin,&#8230;<\/p>\n","protected":false},"author":1,"featured_media":0,"parent":0,"menu_order":0,"comment_status":"closed","ping_status":"closed","template":"","meta":{"_bbp_topic_count":0,"_bbp_reply_count":0,"_bbp_total_topic_count":0,"_bbp_total_reply_count":0,"_bbp_voice_count":0,"_bbp_anonymous_reply_count":0,"_bbp_topic_count_hidden":0,"_bbp_reply_count_hidden":0,"_bbp_forum_subforum_count":0,"footnotes":""},"class_list":["post-238","page","type-page","status-publish","hentry"],"_links":{"self":[{"href":"https:\/\/www.fournilhtm.be\/htm\/wp-json\/wp\/v2\/pages\/238","targetHints":{"allow":["GET"]}}],"collection":[{"href":"https:\/\/www.fournilhtm.be\/htm\/wp-json\/wp\/v2\/pages"}],"about":[{"href":"https:\/\/www.fournilhtm.be\/htm\/wp-json\/wp\/v2\/types\/page"}],"author":[{"embeddable":true,"href":"https:\/\/www.fournilhtm.be\/htm\/wp-json\/wp\/v2\/users\/1"}],"replies":[{"embeddable":true,"href":"https:\/\/www.fournilhtm.be\/htm\/wp-json\/wp\/v2\/comments?post=238"}],"version-history":[{"count":24,"href":"https:\/\/www.fournilhtm.be\/htm\/wp-json\/wp\/v2\/pages\/238\/revisions"}],"predecessor-version":[{"id":1841,"href":"https:\/\/www.fournilhtm.be\/htm\/wp-json\/wp\/v2\/pages\/238\/revisions\/1841"}],"wp:attachment":[{"href":"https:\/\/www.fournilhtm.be\/htm\/wp-json\/wp\/v2\/media?parent=238"}],"curies":[{"name":"wp","href":"https:\/\/api.w.org\/{rel}","templated":true}]}}