{"id":236,"date":"2017-12-31T15:57:05","date_gmt":"2017-12-31T14:57:05","guid":{"rendered":"https:\/\/cebe.be\/htm\/?page_id=236"},"modified":"2018-01-17T20:43:39","modified_gmt":"2018-01-17T19:43:39","slug":"hof-ter-musschen","status":"publish","type":"page","link":"https:\/\/www.fournilhtm.be\/htm\/hof-ter-musschen\/","title":{"rendered":"Hof ter Musschen"},"content":{"rendered":"<h1>Le livre &lsquo;Hof ter Musschen&rsquo;<\/h1>\n<figure style=\"width: 150px\" class=\"wp-caption alignright\"><img loading=\"lazy\" decoding=\"async\" src=\"https:\/\/www.cebe.be\/cebe\/images\/old\/2010_02_14_1p.jpg\" alt=\"\" width=\"150\" height=\"204\" border=\"1\" \/><figcaption class=\"wp-caption-text\">Copyright \u00a9 2010 CEBE-MOB<\/figcaption><\/figure>\n<p>En mars 2010, est paru le livre \u00ab\u00a0<strong>Hof ter Musschen, histoire et anecdotes d&rsquo;une ferme braban\u00e7onne<\/strong>\u00ab\u00a0. David Waiengnier, membre de la CEBE et animateur du four \u00e0 pain de la ferme est \u00e0 l&rsquo;origine de cet ouvrage, r\u00e9alis\u00e9 avec <strong>Bob<\/strong> et <strong>Jeannot<\/strong> <strong>Fran\u00e7ois<\/strong>, anciens familiers de la ferme.<\/p>\n<p>L&rsquo;Hof ter Musschen a pu conserver sa m\u00e9moire immat\u00e9rielle gr\u00e2ce \u00e0 un patient travail de collecte de t\u00e9moignages, souvenirs, documents et objets anciens entam\u00e9 voici plus de quarante ans par Bob et Jeannot Fran\u00e7ois, amis des anciens fermiers et passionn\u00e9s par le vieux Woluwe.<\/p>\n<p>Le tout est enfin publi\u00e9 dans ce livre construit autour d&rsquo;un manuscrit compos\u00e9 en 1970 par Bob Fran\u00e7ois, qui, \u00e0 la mani\u00e8re d&rsquo;un guide touristique, nous fait d\u00e9couvrir pour ainsi dire sur le vif, la vie et l&rsquo;organisation d&rsquo;une exploitation agricole multis\u00e9culaire aux portes de Bruxelles.<\/p>\n<p>13 pages sont \u00e9galement consacr\u00e9es au fournil et au four \u00e0 pain de la ferme.<\/p>\n<p class=\"txtNormal\">Une abondante illustration, comportant de multiples documents in\u00e9dits, enrichit cette d\u00e9couverte d&rsquo;un pass\u00e9 encore proche. Le Service de la Protection du Patrimoine et du Tourisme ainsi que le Mus\u00e9e communal de Woluwe- Saint-Lambert ont apport\u00e9 leur aide et leur soutien \u00e0 cette belle initiative qui r\u00e9jouit tous les amoureux du pass\u00e9 de la vall\u00e9e de la Woluwe.<\/p>\n<h2 class=\"txtTitle3\">Le livre<\/h2>\n<p class=\"txtNormal\"><strong>L&rsquo;Hof ter Musschen<\/strong><br \/>\n<em>Histoire et anecdotes d&rsquo;une ferme braban\u00e7onne<\/em><br \/>\n25 cm x 17,5 cm &#8211; 128 pages couleurs &#8211; 245 illustrations<br \/>\nEditions Centre Marinus &#8211; 2010<br \/>\n16 EUR<\/p>\n<p>Commande : voir la <a href=\"http:\/\/www.cebe.be\/cebe\/1-f-tb_publications-0-boutique-brochures-0-0-0.php\" target=\"_blank\" rel=\"noopener\">page des brochures sur le site de la CEBE<\/a><\/p>\n<p><strong>Le livre peut \u00e9galement \u00eatre achet\u00e9 au fournil, lors des formations de boulangerie.<\/strong><\/p>\n","protected":false},"excerpt":{"rendered":"<p>Le livre &lsquo;Hof ter Musschen&rsquo; En mars 2010, est paru le livre \u00ab\u00a0Hof ter Musschen, histoire et anecdotes d&rsquo;une ferme braban\u00e7onne\u00ab\u00a0. David Waiengnier, membre de la CEBE et animateur du four \u00e0 pain de la ferme est \u00e0 l&rsquo;origine de cet ouvrage, r\u00e9alis\u00e9 avec Bob et Jeannot Fran\u00e7ois, anciens familiers&#8230;<\/p>\n","protected":false},"author":1,"featured_media":0,"parent":0,"menu_order":0,"comment_status":"closed","ping_status":"closed","template":"","meta":{"_bbp_topic_count":0,"_bbp_reply_count":0,"_bbp_total_topic_count":0,"_bbp_total_reply_count":0,"_bbp_voice_count":0,"_bbp_anonymous_reply_count":0,"_bbp_topic_count_hidden":0,"_bbp_reply_count_hidden":0,"_bbp_forum_subforum_count":0,"footnotes":""},"class_list":["post-236","page","type-page","status-publish","hentry"],"_links":{"self":[{"href":"https:\/\/www.fournilhtm.be\/htm\/wp-json\/wp\/v2\/pages\/236","targetHints":{"allow":["GET"]}}],"collection":[{"href":"https:\/\/www.fournilhtm.be\/htm\/wp-json\/wp\/v2\/pages"}],"about":[{"href":"https:\/\/www.fournilhtm.be\/htm\/wp-json\/wp\/v2\/types\/page"}],"author":[{"embeddable":true,"href":"https:\/\/www.fournilhtm.be\/htm\/wp-json\/wp\/v2\/users\/1"}],"replies":[{"embeddable":true,"href":"https:\/\/www.fournilhtm.be\/htm\/wp-json\/wp\/v2\/comments?post=236"}],"version-history":[{"count":6,"href":"https:\/\/www.fournilhtm.be\/htm\/wp-json\/wp\/v2\/pages\/236\/revisions"}],"predecessor-version":[{"id":474,"href":"https:\/\/www.fournilhtm.be\/htm\/wp-json\/wp\/v2\/pages\/236\/revisions\/474"}],"wp:attachment":[{"href":"https:\/\/www.fournilhtm.be\/htm\/wp-json\/wp\/v2\/media?parent=236"}],"curies":[{"name":"wp","href":"https:\/\/api.w.org\/{rel}","templated":true}]}}